{"id":1603,"date":"2021-03-30T11:05:40","date_gmt":"2021-03-30T10:05:40","guid":{"rendered":"https:\/\/www.topnatechnika.com\/?page_id=1603"},"modified":"2024-06-20T14:25:01","modified_gmt":"2024-06-20T13:25:01","slug":"kontakt","status":"publish","type":"page","link":"https:\/\/www.topnatechnika.com\/?page_id=1603","title":{"rendered":"Kontakt"},"content":{"rendered":"\n<div class=\"wp-block-group\"><div class=\"wp-block-group__inner-container is-layout-flow wp-block-group-is-layout-flow\">\n<p><strong>Zden\u011bk Bartl<\/strong><\/p>\n\n\n\n<p>Topn\u00e1 technika<\/p>\n\n\n\n<p>Smolnice 190, 439 14<\/p>\n\n\n\n<p>I\u010c: 67812805<br>DI\u010c: CZ5903110499<\/p>\n\n\n\n<p>Nejedn\u00e1 se o prodejnu, osobn\u00ed vyzvednut\u00ed je mo\u017en\u00e9 pouze po dohod\u011b.<\/p>\n\n\n\n<p>Email:&nbsp;<a href=\"mailto:zemniplyn@email.cz\">zemniplyn@email.cz<\/a><\/p>\n\n\n\n<p>Tel:&nbsp;+420&nbsp;777&nbsp;329 426<\/p>\n\n\n\n<p>\u010c\u00edslo \u00fa\u010dtu v CZK:&nbsp;35-1922840297\/0100<\/p>\n<\/div><\/div>\n\n\n\n<p>IBAN CZ82 0100 0000 3519 2284 0297<\/p>\n\n\n\n<p>BIC\/SWIFT KOMBCZPPXXX<\/p>\n\n\n\n<div class=\"wp-block-webfactory-map\"><div class=\"wp-block-webfactory-map\"><iframe loading=\"lazy\" width=\"100%\" height=\"500px\" src=\"https:\/\/www.google.com\/maps\/embed\/v1\/place?q=Smolnice%20190&amp;maptype=roadmap&amp;zoom=10&amp;key=AIzaSyAjyDspiPfzEfjRSS5fQzm-3jHFjHxeXB4\" frameborder=\"0\"><\/iframe><\/div><\/div>\n","protected":false},"excerpt":{"rendered":"<p>Zden\u011bk Bartl Topn\u00e1 technika Smolnice 190, 439 14 I\u010c: 67812805DI\u010c: CZ5903110499 Nejedn\u00e1 se o prodejnu, osobn\u00ed vyzvednut\u00ed je mo\u017en\u00e9 pouze po dohod\u011b. Email:&nbsp;zemniplyn@email.cz Tel:&nbsp;+420&nbsp;777&nbsp;329 426 \u010c\u00edslo \u00fa\u010dtu v CZK:&nbsp;35-1922840297\/0100 IBAN CZ82 0100 0000 3519 2284 0297 BIC\/SWIFT KOMBCZPPXXX<\/p>\n","protected":false},"author":1,"featured_media":0,"parent":0,"menu_order":70,"comment_status":"closed","ping_status":"closed","template":"","meta":{"footnotes":""},"class_list":["post-1603","page","type-page","status-publish","hentry","thunk-woo-product-list","opn-qv-enable","top-store-woo-hover-","top-store-single-product-tab-horizontal","top-store-shadow-","top-store-shadow-hover-"],"_links":{"self":[{"href":"https:\/\/www.topnatechnika.com\/index.php?rest_route=\/wp\/v2\/pages\/1603","targetHints":{"allow":["GET"]}}],"collection":[{"href":"https:\/\/www.topnatechnika.com\/index.php?rest_route=\/wp\/v2\/pages"}],"about":[{"href":"https:\/\/www.topnatechnika.com\/index.php?rest_route=\/wp\/v2\/types\/page"}],"author":[{"embeddable":true,"href":"https:\/\/www.topnatechnika.com\/index.php?rest_route=\/wp\/v2\/users\/1"}],"replies":[{"embeddable":true,"href":"https:\/\/www.topnatechnika.com\/index.php?rest_route=%2Fwp%2Fv2%2Fcomments&post=1603"}],"version-history":[{"count":8,"href":"https:\/\/www.topnatechnika.com\/index.php?rest_route=\/wp\/v2\/pages\/1603\/revisions"}],"predecessor-version":[{"id":4120,"href":"https:\/\/www.topnatechnika.com\/index.php?rest_route=\/wp\/v2\/pages\/1603\/revisions\/4120"}],"wp:attachment":[{"href":"https:\/\/www.topnatechnika.com\/index.php?rest_route=%2Fwp%2Fv2%2Fmedia&parent=1603"}],"curies":[{"name":"wp","href":"https:\/\/api.w.org\/{rel}","templated":true}]}}