{"id":111,"date":"2021-03-12T00:04:37","date_gmt":"2021-03-11T23:04:37","guid":{"rendered":"http:\/\/www.topnatechnika.com\/?product=ventilator-ling-25"},"modified":"2025-01-15T09:33:30","modified_gmt":"2025-01-15T08:33:30","slug":"ventilator-ling-25","status":"publish","type":"product","link":"https:\/\/www.topnatechnika.com\/?product=ventilator-ling-25","title":{"rendered":"Benekov ventil\u00e1tor Ling 25"},"content":{"rendered":"<p>Bez \u0161krt\u00edc\u00ed klapky. Nutno pou\u017e\u00edt p\u016fvodn\u00ed.<\/p>\n<p>Ventil\u00e1tor\u00a0 30-98 GR , (RLG97,ES30-98GR)<\/p>\n<p>vhodn\u00e9 i pro kotle VIADRUS EKORET,DUO.<\/p>\n<p>Ur\u010deno pro odbornou mont\u00e1\u017e.<\/p>\n","protected":false},"excerpt":{"rendered":"<p>Bez \u0161krt\u00edc\u00ed klapky. Nutno pou\u017e\u00edt p\u016fvodn\u00ed.<\/p>\n<p>Ventil\u00e1tor\u00a0 30-98 GR , (RLG97,ES30-98GR)<\/p>\n<p>vhodn\u00e9 i pro kotle VIADRUS EKORET,DUO.<\/p>\n<h1><\/h1>\n<p>&nbsp;<\/p>\n","protected":false},"featured_media":2899,"template":"","meta":[],"product_brand":[],"product_cat":[20],"product_tag":[65,54,55],"class_list":{"0":"post-111","1":"product","2":"type-product","3":"status-publish","4":"has-post-thumbnail","6":"product_cat-benekov","7":"product_tag-ventilator-30-98-gr","8":"product_tag-ventilator-benekov-rlg97","9":"product_tag-ventilator-viadrus","10":"product_shipping_class-gl","11":"thunk-woo-product-list","12":"opn-qv-enable","13":"top-store-woo-hover-","14":"top-store-single-product-tab-horizontal","15":"top-store-shadow-","16":"top-store-shadow-hover-","18":"first","19":"instock","20":"taxable","21":"shipping-taxable","22":"purchasable","23":"product-type-simple"},"_links":{"self":[{"href":"https:\/\/www.topnatechnika.com\/index.php?rest_route=\/wp\/v2\/product\/111","targetHints":{"allow":["GET"]}}],"collection":[{"href":"https:\/\/www.topnatechnika.com\/index.php?rest_route=\/wp\/v2\/product"}],"about":[{"href":"https:\/\/www.topnatechnika.com\/index.php?rest_route=\/wp\/v2\/types\/product"}],"wp:featuredmedia":[{"embeddable":true,"href":"https:\/\/www.topnatechnika.com\/index.php?rest_route=\/wp\/v2\/media\/2899"}],"wp:attachment":[{"href":"https:\/\/www.topnatechnika.com\/index.php?rest_route=%2Fwp%2Fv2%2Fmedia&parent=111"}],"wp:term":[{"taxonomy":"product_brand","embeddable":true,"href":"https:\/\/www.topnatechnika.com\/index.php?rest_route=%2Fwp%2Fv2%2Fproduct_brand&post=111"},{"taxonomy":"product_cat","embeddable":true,"href":"https:\/\/www.topnatechnika.com\/index.php?rest_route=%2Fwp%2Fv2%2Fproduct_cat&post=111"},{"taxonomy":"product_tag","embeddable":true,"href":"https:\/\/www.topnatechnika.com\/index.php?rest_route=%2Fwp%2Fv2%2Fproduct_tag&post=111"}],"curies":[{"name":"wp","href":"https:\/\/api.w.org\/{rel}","templated":true}]}}