{"id":1623,"date":"2021-03-31T08:23:33","date_gmt":"2021-03-31T07:23:33","guid":{"rendered":"https:\/\/www.topnatechnika.com\/?post_type=product&#038;p=1623"},"modified":"2023-08-31T14:07:50","modified_gmt":"2023-08-31T13:07:50","slug":"izolace-malych-dvirek-2","status":"publish","type":"product","link":"https:\/\/www.topnatechnika.com\/?product=izolace-malych-dvirek-2","title":{"rendered":"Benekov izolace dv\u00ed\u0159ek &#8211; spodn\u00ed \u010d\u00e1sti"},"content":{"rendered":"<p class=\"product_title entry-title\">Ur\u010deno pro L25,35,U50<\/p>\n<p>Do kompletn\u00edch dv\u00ed\u0159ek je pot\u0159eba dal\u0161\u00ed kus izolace katalogov\u00e9 \u010d\u00edslo: 1107310004<\/p>\n<p>Rozm\u011br 342x581x20<\/p>\n","protected":false},"excerpt":{"rendered":"<p class=\"product_title entry-title\">Ur\u010deno pro L25,35,U50<\/p>\n<p>Do kompletn\u00edch dv\u00ed\u0159ek je pot\u0159eba dal\u0161\u00ed kus izolace katalogov\u00e9 \u010d\u00edslo: 1107310004<\/p>\n<p>Rozm\u011br 342x581x20<\/p>\n","protected":false},"featured_media":1437,"template":"","meta":[],"product_brand":[],"product_cat":[20],"product_tag":[],"class_list":{"0":"post-1623","1":"product","2":"type-product","3":"status-publish","4":"has-post-thumbnail","6":"product_cat-benekov","7":"product_shipping_class-gl","8":"thunk-woo-product-list","9":"opn-qv-enable","10":"top-store-woo-hover-","11":"top-store-single-product-tab-horizontal","12":"top-store-shadow-","13":"top-store-shadow-hover-","15":"first","16":"instock","17":"taxable","18":"shipping-taxable","19":"purchasable","20":"product-type-simple"},"_links":{"self":[{"href":"https:\/\/www.topnatechnika.com\/index.php?rest_route=\/wp\/v2\/product\/1623","targetHints":{"allow":["GET"]}}],"collection":[{"href":"https:\/\/www.topnatechnika.com\/index.php?rest_route=\/wp\/v2\/product"}],"about":[{"href":"https:\/\/www.topnatechnika.com\/index.php?rest_route=\/wp\/v2\/types\/product"}],"wp:featuredmedia":[{"embeddable":true,"href":"https:\/\/www.topnatechnika.com\/index.php?rest_route=\/wp\/v2\/media\/1437"}],"wp:attachment":[{"href":"https:\/\/www.topnatechnika.com\/index.php?rest_route=%2Fwp%2Fv2%2Fmedia&parent=1623"}],"wp:term":[{"taxonomy":"product_brand","embeddable":true,"href":"https:\/\/www.topnatechnika.com\/index.php?rest_route=%2Fwp%2Fv2%2Fproduct_brand&post=1623"},{"taxonomy":"product_cat","embeddable":true,"href":"https:\/\/www.topnatechnika.com\/index.php?rest_route=%2Fwp%2Fv2%2Fproduct_cat&post=1623"},{"taxonomy":"product_tag","embeddable":true,"href":"https:\/\/www.topnatechnika.com\/index.php?rest_route=%2Fwp%2Fv2%2Fproduct_tag&post=1623"}],"curies":[{"name":"wp","href":"https:\/\/api.w.org\/{rel}","templated":true}]}}