{"id":1699,"date":"2021-04-05T11:24:15","date_gmt":"2021-04-05T10:24:15","guid":{"rendered":"https:\/\/www.topnatechnika.com\/?post_type=product&#038;p=1699"},"modified":"2024-02-24T14:18:02","modified_gmt":"2024-02-24T13:18:02","slug":"benekov-c-37-premium","status":"publish","type":"product","link":"https:\/\/www.topnatechnika.com\/?product=benekov-c-37-premium","title":{"rendered":"Benekov C 37 BIO Premium"},"content":{"rendered":"<p>Benekov C 37 Premium Automatick\u00fd kotel na tuh\u00e1 paliva &#8211; lev\u00fd Teplovodn\u00ed kotel BENEKOV C37 je ur\u010den pro vyt\u00e1p\u011bn\u00ed velk\u00fdch rodinn\u00fdch domk\u016f, men\u0161\u00edch obchod\u016f, rekrea\u010dn\u00edch za\u0159\u00edzen\u00ed, kancel\u00e1\u0159sk\u00fdch budov a jin\u00fdch objekt\u016f, jejich\u017e n\u00e1ro\u010dnost na tepeln\u00fd v\u00fdkon nep\u0159esahuje 35 kW. \u0158\u00edd\u00edc\u00ed jednotka Climatix Premium. Ide\u00e1ln\u00ed model pro koncept ENERGETICKY \u00daSPORN\u00c9 KOTELNY BENEKOV. Velmi n\u00edzk\u00e1 emisn\u00ed z\u00e1t\u011b\u017e pro okol\u00ed odpov\u00eddaj\u00edc\u00ed 4. t\u0159\u00edd\u011b dle \u010cSN EN 303-5:2013 Spl\u0148uje parametry Ekodesignu. V z\u00e1kladn\u00ed v\u00fdbav\u011b je tento automatick\u00fd kotel na tuh\u00e1 paliva vybaven \u0159\u00edd\u00edc\u00ed jednotkou s modulac\u00ed v\u00fdkonu a ekvitermn\u00ed regulac\u00ed.<\/p>\n","protected":false},"excerpt":{"rendered":"<p>z\u00e1sobn\u00edk 440 l, Climatix P, 35 kW<\/p>\n","protected":false},"featured_media":1709,"template":"","meta":[],"product_brand":[],"product_cat":[38],"product_tag":[],"class_list":{"0":"post-1699","1":"product","2":"type-product","3":"status-publish","4":"has-post-thumbnail","6":"product_cat-kotle-pro-spalovani-uhli-a-pelet","7":"product_shipping_class-toptrans-cr","8":"thunk-woo-product-list","9":"opn-qv-enable","10":"top-store-woo-hover-","11":"top-store-single-product-tab-horizontal","12":"top-store-shadow-","13":"top-store-shadow-hover-","15":"first","16":"onbackorder","17":"taxable","18":"shipping-taxable","19":"purchasable","20":"product-type-simple"},"_links":{"self":[{"href":"https:\/\/www.topnatechnika.com\/index.php?rest_route=\/wp\/v2\/product\/1699","targetHints":{"allow":["GET"]}}],"collection":[{"href":"https:\/\/www.topnatechnika.com\/index.php?rest_route=\/wp\/v2\/product"}],"about":[{"href":"https:\/\/www.topnatechnika.com\/index.php?rest_route=\/wp\/v2\/types\/product"}],"wp:featuredmedia":[{"embeddable":true,"href":"https:\/\/www.topnatechnika.com\/index.php?rest_route=\/wp\/v2\/media\/1709"}],"wp:attachment":[{"href":"https:\/\/www.topnatechnika.com\/index.php?rest_route=%2Fwp%2Fv2%2Fmedia&parent=1699"}],"wp:term":[{"taxonomy":"product_brand","embeddable":true,"href":"https:\/\/www.topnatechnika.com\/index.php?rest_route=%2Fwp%2Fv2%2Fproduct_brand&post=1699"},{"taxonomy":"product_cat","embeddable":true,"href":"https:\/\/www.topnatechnika.com\/index.php?rest_route=%2Fwp%2Fv2%2Fproduct_cat&post=1699"},{"taxonomy":"product_tag","embeddable":true,"href":"https:\/\/www.topnatechnika.com\/index.php?rest_route=%2Fwp%2Fv2%2Fproduct_tag&post=1699"}],"curies":[{"name":"wp","href":"https:\/\/api.w.org\/{rel}","templated":true}]}}