{"id":1703,"date":"2021-04-05T11:32:16","date_gmt":"2021-04-05T10:32:16","guid":{"rendered":"https:\/\/www.topnatechnika.com\/?post_type=product&#038;p=1703"},"modified":"2024-02-24T14:15:29","modified_gmt":"2024-02-24T13:15:29","slug":"benekov-c-250-exclusive","status":"publish","type":"product","link":"https:\/\/www.topnatechnika.com\/?product=benekov-c-250-exclusive","title":{"rendered":"Benekov C 250 Exclusive"},"content":{"rendered":"<p>Kotel BENEKOV C 250 spl\u0148uje nejp\u0159\u00edsn\u011bj\u0161\u00ed po\u017eadavky emis\u00ed a \u00fa\u010dinnosti a je ur\u010den pro vyt\u00e1p\u011bn\u00ed v\u011bt\u0161\u00edch objekt\u016f s tepelnou ztr\u00e1tou do 250 kW.<\/p>\n","protected":false},"excerpt":{"rendered":"<p>Kotel BENEKOV C 250 spl\u0148uje nejp\u0159\u00edsn\u011bj\u0161\u00ed po\u017eadavky emis\u00ed a \u00fa\u010dinnosti a je ur\u010den pro vyt\u00e1p\u011bn\u00ed v\u011bt\u0161\u00edch objekt\u016f s tepelnou ztr\u00e1tou do 250 kW.<\/p>\n","protected":false},"featured_media":1719,"template":"","meta":[],"product_brand":[],"product_cat":[38],"product_tag":[],"class_list":{"0":"post-1703","1":"product","2":"type-product","3":"status-publish","4":"has-post-thumbnail","6":"product_cat-kotle-pro-spalovani-uhli-a-pelet","7":"product_shipping_class-toptrans-cr","8":"thunk-woo-product-list","9":"opn-qv-enable","10":"top-store-woo-hover-","11":"top-store-single-product-tab-horizontal","12":"top-store-shadow-","13":"top-store-shadow-hover-","15":"first","16":"onbackorder","17":"taxable","18":"shipping-taxable","19":"purchasable","20":"product-type-simple"},"_links":{"self":[{"href":"https:\/\/www.topnatechnika.com\/index.php?rest_route=\/wp\/v2\/product\/1703","targetHints":{"allow":["GET"]}}],"collection":[{"href":"https:\/\/www.topnatechnika.com\/index.php?rest_route=\/wp\/v2\/product"}],"about":[{"href":"https:\/\/www.topnatechnika.com\/index.php?rest_route=\/wp\/v2\/types\/product"}],"wp:featuredmedia":[{"embeddable":true,"href":"https:\/\/www.topnatechnika.com\/index.php?rest_route=\/wp\/v2\/media\/1719"}],"wp:attachment":[{"href":"https:\/\/www.topnatechnika.com\/index.php?rest_route=%2Fwp%2Fv2%2Fmedia&parent=1703"}],"wp:term":[{"taxonomy":"product_brand","embeddable":true,"href":"https:\/\/www.topnatechnika.com\/index.php?rest_route=%2Fwp%2Fv2%2Fproduct_brand&post=1703"},{"taxonomy":"product_cat","embeddable":true,"href":"https:\/\/www.topnatechnika.com\/index.php?rest_route=%2Fwp%2Fv2%2Fproduct_cat&post=1703"},{"taxonomy":"product_tag","embeddable":true,"href":"https:\/\/www.topnatechnika.com\/index.php?rest_route=%2Fwp%2Fv2%2Fproduct_tag&post=1703"}],"curies":[{"name":"wp","href":"https:\/\/api.w.org\/{rel}","templated":true}]}}