{"id":1813,"date":"2021-04-08T10:03:25","date_gmt":"2021-04-08T09:03:25","guid":{"rendered":"https:\/\/www.topnatechnika.com\/?post_type=product&#038;p=1813"},"modified":"2022-10-09T08:25:37","modified_gmt":"2022-10-09T07:25:37","slug":"ventilator-ebm-g2e-108","status":"publish","type":"product","link":"https:\/\/www.topnatechnika.com\/?product=ventilator-ebm-g2e-108","title":{"rendered":"Ventil\u00e1tor EBM G2E 108"},"content":{"rendered":"<p>Ventil\u00e1tor pou\u017e\u00edvan\u00fd pro regulaci AK4000 a AK3000 pro <strong>VIGAS 16 kW a\u017e VIGAS 80kW.<\/strong><\/p>\n","protected":false},"excerpt":{"rendered":"<p>Ventil\u00e1tor pou\u017e\u00edvan\u00fd pro regulaci AK4000 a AK3000 pro VIGAS 16 kW a\u017e VIGAS 80kW.<\/p>\n","protected":false},"featured_media":1814,"template":"","meta":[],"product_brand":[],"product_cat":[42],"product_tag":[],"class_list":{"0":"post-1813","1":"product","2":"type-product","3":"status-publish","4":"has-post-thumbnail","6":"product_cat-nahradni-dily-pro-kotle-vigas","7":"product_shipping_class-gl","8":"thunk-woo-product-list","9":"opn-qv-enable","10":"top-store-woo-hover-","11":"top-store-single-product-tab-horizontal","12":"top-store-shadow-","13":"top-store-shadow-hover-","15":"first","16":"instock","17":"taxable","18":"shipping-taxable","19":"purchasable","20":"product-type-simple"},"_links":{"self":[{"href":"https:\/\/www.topnatechnika.com\/index.php?rest_route=\/wp\/v2\/product\/1813","targetHints":{"allow":["GET"]}}],"collection":[{"href":"https:\/\/www.topnatechnika.com\/index.php?rest_route=\/wp\/v2\/product"}],"about":[{"href":"https:\/\/www.topnatechnika.com\/index.php?rest_route=\/wp\/v2\/types\/product"}],"wp:featuredmedia":[{"embeddable":true,"href":"https:\/\/www.topnatechnika.com\/index.php?rest_route=\/wp\/v2\/media\/1814"}],"wp:attachment":[{"href":"https:\/\/www.topnatechnika.com\/index.php?rest_route=%2Fwp%2Fv2%2Fmedia&parent=1813"}],"wp:term":[{"taxonomy":"product_brand","embeddable":true,"href":"https:\/\/www.topnatechnika.com\/index.php?rest_route=%2Fwp%2Fv2%2Fproduct_brand&post=1813"},{"taxonomy":"product_cat","embeddable":true,"href":"https:\/\/www.topnatechnika.com\/index.php?rest_route=%2Fwp%2Fv2%2Fproduct_cat&post=1813"},{"taxonomy":"product_tag","embeddable":true,"href":"https:\/\/www.topnatechnika.com\/index.php?rest_route=%2Fwp%2Fv2%2Fproduct_tag&post=1813"}],"curies":[{"name":"wp","href":"https:\/\/api.w.org\/{rel}","templated":true}]}}