{"id":1882,"date":"2021-04-13T12:26:42","date_gmt":"2021-04-13T11:26:42","guid":{"rendered":"https:\/\/www.topnatechnika.com\/?post_type=product&#038;p=1882"},"modified":"2022-06-20T07:57:31","modified_gmt":"2022-06-20T06:57:31","slug":"nadoba-expanzni-6-l","status":"publish","type":"product","link":"https:\/\/www.topnatechnika.com\/?product=nadoba-expanzni-6-l","title":{"rendered":"N\u00e1doba expanzn\u00ed  6 l"},"content":{"rendered":"<p>N\u00e1doba expanzn\u00ed &#8211; 6 l<\/p>\n<p>N\/E STAR , STAR 23 KW,STAR 24 KW<\/p>\n","protected":false},"excerpt":{"rendered":"<p>N\u00e1doba expanzn\u00ed &#8211; 6 l<\/p>\n<p>N\/E STAR , STAR 23 KW,STAR 24 KW<\/p>\n","protected":false},"featured_media":1884,"template":"","meta":[],"product_brand":[],"product_cat":[16],"product_tag":[],"class_list":{"0":"post-1882","1":"product","2":"type-product","3":"status-publish","4":"has-post-thumbnail","6":"product_cat-immergas","7":"product_shipping_class-gl","8":"thunk-woo-product-list","9":"opn-qv-enable","10":"top-store-woo-hover-","11":"top-store-single-product-tab-horizontal","12":"top-store-shadow-","13":"top-store-shadow-hover-","15":"first","16":"instock","17":"taxable","18":"shipping-taxable","19":"purchasable","20":"product-type-simple"},"_links":{"self":[{"href":"https:\/\/www.topnatechnika.com\/index.php?rest_route=\/wp\/v2\/product\/1882","targetHints":{"allow":["GET"]}}],"collection":[{"href":"https:\/\/www.topnatechnika.com\/index.php?rest_route=\/wp\/v2\/product"}],"about":[{"href":"https:\/\/www.topnatechnika.com\/index.php?rest_route=\/wp\/v2\/types\/product"}],"wp:featuredmedia":[{"embeddable":true,"href":"https:\/\/www.topnatechnika.com\/index.php?rest_route=\/wp\/v2\/media\/1884"}],"wp:attachment":[{"href":"https:\/\/www.topnatechnika.com\/index.php?rest_route=%2Fwp%2Fv2%2Fmedia&parent=1882"}],"wp:term":[{"taxonomy":"product_brand","embeddable":true,"href":"https:\/\/www.topnatechnika.com\/index.php?rest_route=%2Fwp%2Fv2%2Fproduct_brand&post=1882"},{"taxonomy":"product_cat","embeddable":true,"href":"https:\/\/www.topnatechnika.com\/index.php?rest_route=%2Fwp%2Fv2%2Fproduct_cat&post=1882"},{"taxonomy":"product_tag","embeddable":true,"href":"https:\/\/www.topnatechnika.com\/index.php?rest_route=%2Fwp%2Fv2%2Fproduct_tag&post=1882"}],"curies":[{"name":"wp","href":"https:\/\/api.w.org\/{rel}","templated":true}]}}