{"id":1981,"date":"2021-04-22T12:16:53","date_gmt":"2021-04-22T11:16:53","guid":{"rendered":"https:\/\/www.topnatechnika.com\/?post_type=product&#038;p=1981"},"modified":"2025-02-13T11:09:56","modified_gmt":"2025-02-13T10:09:56","slug":"ventilator-2","status":"publish","type":"product","link":"https:\/\/www.topnatechnika.com\/?product=ventilator-2","title":{"rendered":"Benekov ventil\u00e1tor R1G 120-XX91"},"content":{"rendered":"<p>Tyto ventil\u00e1tory jsou pou\u017eit\u00e9 u kotl\u016f s \u0159\u00edd\u00edc\u00ed jednotkou Siemens Climatix Premium. (C27,C17)<\/p>\n<p>Jejich nap\u00e1jec\u00ed nap\u011bt\u00ed je 230VAC a jsou \u0159\u00edzeny PWM sign\u00e1lem (pulsn\u011b \u0161\u00ed\u0159kovou modulac\u00ed).<\/p>\n<p>Ventil\u00e1tor EBM R1G 120-XX91. (R1G 120-AE91-10) Ilustra\u010dn\u00ed foto.<\/p>\n<p>N\u00e1hrada WPA EC1 120.<\/p>\n<p>Ur\u010deno pro odbornou mont\u00e1\u017e.<\/p>\n","protected":false},"excerpt":{"rendered":"<p>K jednotk\u00e1m Siemens Premium.<\/p>\n<p>Jejich nap\u00e1jec\u00ed nap\u011bt\u00ed je 230VAC a jsou \u0159\u00edzeny PWM sign\u00e1lem (pulsn\u011b \u0161\u00ed\u0159kovou modulac\u00ed).<\/p>\n<p>Ventil\u00e1tor EBM R1G 120-XX91. (R1G 120-AE91-10) Ilustra\u010dn\u00ed foto.<\/p>\n<p>N\u00e1hrada WPA EC1 120.<\/p>\n","protected":false},"featured_media":2738,"template":"","meta":[],"product_brand":[],"product_cat":[20],"product_tag":[67,66,64,63,60,54,61,62],"class_list":{"0":"post-1981","1":"product","2":"type-product","3":"status-publish","4":"has-post-thumbnail","6":"product_cat-benekov","7":"product_tag-benekov-ventilator-27","8":"product_tag-benekov-ventilator-c17","9":"product_tag-r1g-120-ae91-10","10":"product_tag-r1g-120-xx91","11":"product_tag-ventilator-benekov","12":"product_tag-ventilator-benekov-rlg97","13":"product_tag-ventilator-c17","14":"product_tag-ventilator-c27","15":"product_shipping_class-gl","16":"thunk-woo-product-list","17":"opn-qv-enable","18":"top-store-woo-hover-","19":"top-store-single-product-tab-horizontal","20":"top-store-shadow-","21":"top-store-shadow-hover-","23":"first","24":"instock","25":"taxable","26":"shipping-taxable","27":"purchasable","28":"product-type-simple"},"_links":{"self":[{"href":"https:\/\/www.topnatechnika.com\/index.php?rest_route=\/wp\/v2\/product\/1981","targetHints":{"allow":["GET"]}}],"collection":[{"href":"https:\/\/www.topnatechnika.com\/index.php?rest_route=\/wp\/v2\/product"}],"about":[{"href":"https:\/\/www.topnatechnika.com\/index.php?rest_route=\/wp\/v2\/types\/product"}],"wp:featuredmedia":[{"embeddable":true,"href":"https:\/\/www.topnatechnika.com\/index.php?rest_route=\/wp\/v2\/media\/2738"}],"wp:attachment":[{"href":"https:\/\/www.topnatechnika.com\/index.php?rest_route=%2Fwp%2Fv2%2Fmedia&parent=1981"}],"wp:term":[{"taxonomy":"product_brand","embeddable":true,"href":"https:\/\/www.topnatechnika.com\/index.php?rest_route=%2Fwp%2Fv2%2Fproduct_brand&post=1981"},{"taxonomy":"product_cat","embeddable":true,"href":"https:\/\/www.topnatechnika.com\/index.php?rest_route=%2Fwp%2Fv2%2Fproduct_cat&post=1981"},{"taxonomy":"product_tag","embeddable":true,"href":"https:\/\/www.topnatechnika.com\/index.php?rest_route=%2Fwp%2Fv2%2Fproduct_tag&post=1981"}],"curies":[{"name":"wp","href":"https:\/\/api.w.org\/{rel}","templated":true}]}}