{"id":2075,"date":"2021-05-04T09:01:07","date_gmt":"2021-05-04T08:01:07","guid":{"rendered":"https:\/\/www.topnatechnika.com\/?post_type=product&#038;p=2075"},"modified":"2023-10-21T11:19:31","modified_gmt":"2023-10-21T10:19:31","slug":"vnitrek-tricestneho-ventilu-4","status":"publish","type":"product","link":"https:\/\/www.topnatechnika.com\/?product=vnitrek-tricestneho-ventilu-4","title":{"rendered":"Vnit\u0159ek t\u0159\u00edcestn\u00e9ho ventilu"},"content":{"rendered":"<p>Vnit\u0159ek t\u0159\u00edcestn\u00e9ho ventilu ( sada neobsahuje pru\u017einu )<\/p>\n","protected":false},"excerpt":{"rendered":"<p>Vnit\u0159ek t\u0159\u00edcestn\u00e9ho ventilu ( sada neobsahuje pru\u017einu )<\/p>\n<p>AVIO\/ZEUS Maior\/Mini &#8211; boilerov\u00e9 kotle , VICTRIX ZEUS<\/p>\n","protected":false},"featured_media":2764,"template":"","meta":[],"product_brand":[],"product_cat":[16],"product_tag":[],"class_list":{"0":"post-2075","1":"product","2":"type-product","3":"status-publish","4":"has-post-thumbnail","6":"product_cat-immergas","7":"product_shipping_class-gl","8":"thunk-woo-product-list","9":"opn-qv-enable","10":"top-store-woo-hover-","11":"top-store-single-product-tab-horizontal","12":"top-store-shadow-","13":"top-store-shadow-hover-","15":"first","16":"instock","17":"taxable","18":"shipping-taxable","19":"purchasable","20":"product-type-simple"},"_links":{"self":[{"href":"https:\/\/www.topnatechnika.com\/index.php?rest_route=\/wp\/v2\/product\/2075","targetHints":{"allow":["GET"]}}],"collection":[{"href":"https:\/\/www.topnatechnika.com\/index.php?rest_route=\/wp\/v2\/product"}],"about":[{"href":"https:\/\/www.topnatechnika.com\/index.php?rest_route=\/wp\/v2\/types\/product"}],"wp:featuredmedia":[{"embeddable":true,"href":"https:\/\/www.topnatechnika.com\/index.php?rest_route=\/wp\/v2\/media\/2764"}],"wp:attachment":[{"href":"https:\/\/www.topnatechnika.com\/index.php?rest_route=%2Fwp%2Fv2%2Fmedia&parent=2075"}],"wp:term":[{"taxonomy":"product_brand","embeddable":true,"href":"https:\/\/www.topnatechnika.com\/index.php?rest_route=%2Fwp%2Fv2%2Fproduct_brand&post=2075"},{"taxonomy":"product_cat","embeddable":true,"href":"https:\/\/www.topnatechnika.com\/index.php?rest_route=%2Fwp%2Fv2%2Fproduct_cat&post=2075"},{"taxonomy":"product_tag","embeddable":true,"href":"https:\/\/www.topnatechnika.com\/index.php?rest_route=%2Fwp%2Fv2%2Fproduct_tag&post=2075"}],"curies":[{"name":"wp","href":"https:\/\/api.w.org\/{rel}","templated":true}]}}