{"id":2242,"date":"2021-05-18T10:09:47","date_gmt":"2021-05-18T09:09:47","guid":{"rendered":"https:\/\/www.topnatechnika.com\/?post_type=product&#038;p=2242"},"modified":"2024-05-15T07:50:07","modified_gmt":"2024-05-15T06:50:07","slug":"victrix-zeus-32","status":"publish","type":"product","link":"https:\/\/www.topnatechnika.com\/?product=victrix-zeus-32","title":{"rendered":"VICTRIX Zeus 32"},"content":{"rendered":"<p>Immergas VICTRIX Zeus 32 je n\u00e1st\u011bnn\u00fd kondenza\u010dn\u00ed kotel s uzav\u0159enou spalovac\u00ed komorou o tepeln\u00e9m v\u00fdkonu 4,0 &#8211; 32,0 kW ur\u010den\u00fd k vyt\u00e1p\u011bn\u00ed a oh\u0159evu TUV ve vestav\u011bn\u00e9m nerezov\u00e9m bojleru o objemu 45 litr\u016f.<br \/>\nKotel VICTRIX Zeus 32 je vybaven modulovan\u00fdm, energeticky \u00fasporn\u00fdm \u010derpadlem.<br \/>\nPo dopojen\u00ed venkovn\u00ed sondy (3.014083, voliteln\u00e9 p\u0159\u00edslu\u0161enstv\u00ed) je ekvitermn\u00ed regulace v z\u00e1kladn\u00ed v\u00fdbav\u011b kolte.<br \/>\nD\u00edky elektronick\u00e9mu vybaven\u00ed lze p\u0159ipojit \u0159\u00eddic\u00ed jednotku CAR<sup>V2<\/sup>\u00a0(v dr\u00e1tov\u00e9m, nebo v bezdr\u00e1tov\u00e9m proveden\u00ed). Oba typy modula\u010dn\u00edch \u0159\u00eddic\u00edch jednotek umo\u017e\u0148uj\u00ed monitorov\u00e1n\u00ed kotle, vzd\u00e1len\u00e9 ovl\u00e1d\u00e1n\u00ed a regulaci v z\u00e1vislosti na aktu\u00e1ln\u00edch klimatick\u00fdch podm\u00ednk\u00e1ch. D\u00e1le\u00a0 elektronika kotle umo\u017e\u0148uje p\u0159ipojen\u00ed z\u00f3nov\u00fdch jednotek DIM ErP nebo samostatnou z\u00f3novou centr\u00e1lu.<\/p>\n<p>Tento kotel je zaregistrov\u00e1n do datab\u00e1ze SVT (Seznam v\u00fdrobk\u016f a technologi\u00ed) k\u00a0 Opera\u010dn\u00edmu programu \u017divotn\u00ed prost\u0159ed\u00ed (OP\u017dP) 2014-2020 &#8222;Kotl\u00edkov\u00e9 dotace&#8220;.<\/p>\n<ul>\n<li>T\u0159\u00edda sezonn\u00ed energetick\u00e9 \u00fa\u010dinnosti vyt\u00e1p\u011bn\u00ed &#8211; A<\/li>\n<li>T\u0159\u00edda energetick\u00e9 \u00fa\u010dinnosti oh\u0159evu TUV &#8211; A<\/li>\n<li>Deklarovan\u00fd z\u00e1t\u011b\u017eov\u00fd profil &#8211; XL<\/li>\n<li>Energeticky \u00fasporn\u00e9 modulovan\u00e9 \u010derpadlo<\/li>\n<li>Samonastaviteln\u00fd plynov\u00fd ventil &#8211; automatick\u00e1 kontrola spalov\u00e1n\u00ed<\/li>\n<li>Elektrick\u00e9 kryt\u00ed IPX5D<\/li>\n<li>Nerezov\u00fd vestav\u011bn\u00fd bojler TUV<\/li>\n<li>Nerezov\u00e1 spir\u00e1la bojleru TUV<img loading=\"lazy\" decoding=\"async\" src=\"http:\/\/www.vipsgas.cz\/User_Files\/f\/images\/stories\/kotlikova-dotace-logo.jpg\" alt=\"kotlikova-dotace-logo\" width=\"150\" height=\"130\" \/><\/li>\n<li>Nastaviteln\u00fd by-pass je v z\u00e1kladn\u00ed v\u00fdbav\u011b<\/li>\n<li>Mo\u017enost cirkulace TUV po instalaci roz\u0161i\u0159uj\u00edc\u00ed sady do kotle<\/li>\n<li>Mo\u017enost p\u0159ipojit z\u00f3nov\u00e9 jednotky DIM ErP<sup><br \/>\n<\/sup><\/li>\n<li>Ekvitermn\u00ed regulace v z\u00e1kladn\u00ed v\u00fdbav\u011b<\/li>\n<li>Mo\u017enost p\u0159ipojen\u00ed modula\u010dn\u00edho termostatu CAR<sup>V2<\/sup><\/li>\n<li>T\u0159\u00edda NOx &#8211; 6<\/li>\n<li>Kotl\u00edkov\u00e1 dotace &#8211; SVT24999<\/li>\n<\/ul>\n","protected":false},"excerpt":{"rendered":"<p>Immergas VICTRIX Zeus 32 je n\u00e1st\u011bnn\u00fd kondenza\u010dn\u00ed kotel s uzav\u0159enou spalovac\u00ed komorou o tepeln\u00e9m v\u00fdkonu 4,0 &#8211; 32,0 kW ur\u010den\u00fd k vyt\u00e1p\u011bn\u00ed a oh\u0159evu TUV ve vestav\u011bn\u00e9m nerezov\u00e9m bojleru o objemu 45 litr\u016f.<br \/>\nKotel VICTRIX Zeus 32 je vybaven modulovan\u00fdm, energeticky \u00fasporn\u00fdm \u010derpadlem.<br \/>\nPo dopojen\u00ed venkovn\u00ed sondy (3.014083, voliteln\u00e9 p\u0159\u00edslu\u0161enstv\u00ed) je ekvitermn\u00ed regulace v z\u00e1kladn\u00ed v\u00fdbav\u011b kolte.<br \/>\nD\u00edky elektronick\u00e9mu vybaven\u00ed lze p\u0159ipojit \u0159\u00eddic\u00ed jednotku CAR<sup>V2<\/sup>\u00a0(v dr\u00e1tov\u00e9m, nebo v bezdr\u00e1tov\u00e9m proveden\u00ed). Oba typy modula\u010dn\u00edch \u0159\u00eddic\u00edch jednotek umo\u017e\u0148uj\u00ed monitorov\u00e1n\u00ed kotle, vzd\u00e1len\u00e9 ovl\u00e1d\u00e1n\u00ed a regulaci v z\u00e1vislosti na aktu\u00e1ln\u00edch klimatick\u00fdch podm\u00ednk\u00e1ch. D\u00e1le\u00a0 elektronika kotle umo\u017e\u0148uje p\u0159ipojen\u00ed z\u00f3nov\u00fdch jednotek DIM ErP nebo samostatnou z\u00f3novou centr\u00e1lu.<\/p>\n<p>Tento kotel je zaregistrov\u00e1n do datab\u00e1ze SVT (Seznam v\u00fdrobk\u016f a technologi\u00ed) k\u00a0 Opera\u010dn\u00edmu programu \u017divotn\u00ed prost\u0159ed\u00ed (OP\u017dP) 2014-2020 &#8222;Kotl\u00edkov\u00e9 dotace&#8220;.<\/p>\n<ul>\n<li>T\u0159\u00edda sezonn\u00ed energetick\u00e9 \u00fa\u010dinnosti vyt\u00e1p\u011bn\u00ed &#8211; A<\/li>\n<li>T\u0159\u00edda energetick\u00e9 \u00fa\u010dinnosti oh\u0159evu TUV &#8211; A<\/li>\n<li>Deklarovan\u00fd z\u00e1t\u011b\u017eov\u00fd profil &#8211; XL<\/li>\n<li>Energeticky \u00fasporn\u00e9 modulovan\u00e9 \u010derpadlo<\/li>\n<li>Samonastaviteln\u00fd plynov\u00fd ventil &#8211; automatick\u00e1 kontrola spalov\u00e1n\u00ed<\/li>\n<li>Elektrick\u00e9 kryt\u00ed IPX5D<\/li>\n<li>Nerezov\u00fd vestav\u011bn\u00fd bojler TUV<\/li>\n<li>Nerezov\u00e1 spir\u00e1la bojleru TUV<img loading=\"lazy\" decoding=\"async\" src=\"http:\/\/www.vipsgas.cz\/User_Files\/f\/images\/stories\/kotlikova-dotace-logo.jpg\" alt=\"kotlikova-dotace-logo\" width=\"150\" height=\"130\" \/><\/li>\n<li>Nastaviteln\u00fd by-pass je v z\u00e1kladn\u00ed v\u00fdbav\u011b<\/li>\n<li>Mo\u017enost cirkulace TUV po instalaci roz\u0161i\u0159uj\u00edc\u00ed sady do kotle<\/li>\n<li>Mo\u017enost p\u0159ipojit z\u00f3nov\u00e9 jednotky DIM ErP<sup><br \/>\n<\/sup><\/li>\n<li>Ekvitermn\u00ed regulace v z\u00e1kladn\u00ed v\u00fdbav\u011b<\/li>\n<li>Mo\u017enost p\u0159ipojen\u00ed modula\u010dn\u00edho termostatu CAR<sup>V2<\/sup><\/li>\n<li>T\u0159\u00edda NOx &#8211; 6<\/li>\n<li>Kotl\u00edkov\u00e1 dotace &#8211; SVT24999<\/li>\n<\/ul>\n","protected":false},"featured_media":2243,"template":"","meta":[],"product_brand":[],"product_cat":[49],"product_tag":[],"class_list":{"0":"post-2242","1":"product","2":"type-product","3":"status-publish","4":"has-post-thumbnail","6":"product_cat-kombinovane-s-vestavenym-bojlerem","7":"thunk-woo-product-list","8":"opn-qv-enable","9":"top-store-woo-hover-","10":"top-store-single-product-tab-horizontal","11":"top-store-shadow-","12":"top-store-shadow-hover-","14":"first","15":"instock","16":"taxable","17":"shipping-taxable","18":"purchasable","19":"product-type-simple"},"_links":{"self":[{"href":"https:\/\/www.topnatechnika.com\/index.php?rest_route=\/wp\/v2\/product\/2242","targetHints":{"allow":["GET"]}}],"collection":[{"href":"https:\/\/www.topnatechnika.com\/index.php?rest_route=\/wp\/v2\/product"}],"about":[{"href":"https:\/\/www.topnatechnika.com\/index.php?rest_route=\/wp\/v2\/types\/product"}],"wp:featuredmedia":[{"embeddable":true,"href":"https:\/\/www.topnatechnika.com\/index.php?rest_route=\/wp\/v2\/media\/2243"}],"wp:attachment":[{"href":"https:\/\/www.topnatechnika.com\/index.php?rest_route=%2Fwp%2Fv2%2Fmedia&parent=2242"}],"wp:term":[{"taxonomy":"product_brand","embeddable":true,"href":"https:\/\/www.topnatechnika.com\/index.php?rest_route=%2Fwp%2Fv2%2Fproduct_brand&post=2242"},{"taxonomy":"product_cat","embeddable":true,"href":"https:\/\/www.topnatechnika.com\/index.php?rest_route=%2Fwp%2Fv2%2Fproduct_cat&post=2242"},{"taxonomy":"product_tag","embeddable":true,"href":"https:\/\/www.topnatechnika.com\/index.php?rest_route=%2Fwp%2Fv2%2Fproduct_tag&post=2242"}],"curies":[{"name":"wp","href":"https:\/\/api.w.org\/{rel}","templated":true}]}}