{"id":2343,"date":"2021-08-22T11:23:57","date_gmt":"2021-08-22T10:23:57","guid":{"rendered":"https:\/\/www.topnatechnika.com\/?post_type=product&#038;p=2343"},"modified":"2025-02-08T08:46:59","modified_gmt":"2025-02-08T07:46:59","slug":"pulprstenec-240-60","status":"publish","type":"product","link":"https:\/\/www.topnatechnika.com\/?product=pulprstenec-240-60","title":{"rendered":"Benekov p\u016flprstenec 240 &#8211; 60"},"content":{"rendered":"<h3>P\u016flprstenec 240 &#8211; 60<\/h3>\n<p>Ur\u010deno pro kotle Benekov B14 pro uhl\u00ed ni\u017e\u0161\u00ed kvality.(2 ks na kotel)<\/p>\n<p>Cena za 1 kus.<\/p>\n","protected":false},"excerpt":{"rendered":"<p>Ur\u010deno pro kotle Benekov B14<\/p>\n","protected":false},"featured_media":2391,"template":"","meta":[],"product_brand":[],"product_cat":[20],"product_tag":[],"class_list":{"0":"post-2343","1":"product","2":"type-product","3":"status-publish","4":"has-post-thumbnail","6":"product_cat-benekov","7":"product_shipping_class-toptrans-cr","8":"thunk-woo-product-list","9":"opn-qv-enable","10":"top-store-woo-hover-","11":"top-store-single-product-tab-horizontal","12":"top-store-shadow-","13":"top-store-shadow-hover-","15":"first","16":"instock","17":"taxable","18":"shipping-taxable","19":"purchasable","20":"product-type-simple"},"_links":{"self":[{"href":"https:\/\/www.topnatechnika.com\/index.php?rest_route=\/wp\/v2\/product\/2343","targetHints":{"allow":["GET"]}}],"collection":[{"href":"https:\/\/www.topnatechnika.com\/index.php?rest_route=\/wp\/v2\/product"}],"about":[{"href":"https:\/\/www.topnatechnika.com\/index.php?rest_route=\/wp\/v2\/types\/product"}],"wp:featuredmedia":[{"embeddable":true,"href":"https:\/\/www.topnatechnika.com\/index.php?rest_route=\/wp\/v2\/media\/2391"}],"wp:attachment":[{"href":"https:\/\/www.topnatechnika.com\/index.php?rest_route=%2Fwp%2Fv2%2Fmedia&parent=2343"}],"wp:term":[{"taxonomy":"product_brand","embeddable":true,"href":"https:\/\/www.topnatechnika.com\/index.php?rest_route=%2Fwp%2Fv2%2Fproduct_brand&post=2343"},{"taxonomy":"product_cat","embeddable":true,"href":"https:\/\/www.topnatechnika.com\/index.php?rest_route=%2Fwp%2Fv2%2Fproduct_cat&post=2343"},{"taxonomy":"product_tag","embeddable":true,"href":"https:\/\/www.topnatechnika.com\/index.php?rest_route=%2Fwp%2Fv2%2Fproduct_tag&post=2343"}],"curies":[{"name":"wp","href":"https:\/\/api.w.org\/{rel}","templated":true}]}}