{"id":2493,"date":"2021-11-04T13:24:05","date_gmt":"2021-11-04T12:24:05","guid":{"rendered":"https:\/\/www.topnatechnika.com\/?post_type=product&#038;p=2493"},"modified":"2024-11-22T10:41:42","modified_gmt":"2024-11-22T09:41:42","slug":"benekov-plum-modul-a-do-em-860p3-plc","status":"publish","type":"product","link":"https:\/\/www.topnatechnika.com\/?product=benekov-plum-modul-a-do-em-860p3-plc","title":{"rendered":"Benekov PLUM Modul A do EM 860P3 (PLC)"},"content":{"rendered":"<p>PLUM Modul A do EM 860P3 (PLC) \u010d. programu v.02.33.13<\/p>\n<p>ecoMAX 860P3 je za\u0159\u00edzen\u00ed vyroben\u00e9 z pokro\u010dil\u00fdch technologi\u00ed,<\/p>\n<p>kter\u00e9 \u0159\u00edd\u00ed proces spalov\u00e1n\u00ed v peletov\u00fdch kotl\u00edch a<\/p>\n<p>ho\u0159\u00e1c\u00edch a dal\u0161\u00edch kotl\u00edch na biomasu.<\/p>\n","protected":false},"excerpt":{"rendered":"<p>PLUM Modul A do EM 860P3 (PLC) \u010d. programu v.02.33.13<\/p>\n<p>ecoMAX 860P3 je za\u0159\u00edzen\u00ed vyroben\u00e9 z pokro\u010dil\u00fdch technologi\u00ed,<\/p>\n<p>kter\u00e9 \u0159\u00edd\u00ed proces spalov\u00e1n\u00ed v peletov\u00fdch kotl\u00edch a<\/p>\n<p>ho\u0159\u00e1c\u00edch a dal\u0161\u00edch kotl\u00edch na biomasu.<\/p>\n","protected":false},"featured_media":2494,"template":"","meta":[],"product_brand":[],"product_cat":[20],"product_tag":[],"class_list":{"0":"post-2493","1":"product","2":"type-product","3":"status-publish","4":"has-post-thumbnail","6":"product_cat-benekov","7":"product_shipping_class-gl","8":"thunk-woo-product-list","9":"opn-qv-enable","10":"top-store-woo-hover-","11":"top-store-single-product-tab-horizontal","12":"top-store-shadow-","13":"top-store-shadow-hover-","15":"first","16":"outofstock","17":"taxable","18":"shipping-taxable","19":"purchasable","20":"product-type-simple"},"_links":{"self":[{"href":"https:\/\/www.topnatechnika.com\/index.php?rest_route=\/wp\/v2\/product\/2493","targetHints":{"allow":["GET"]}}],"collection":[{"href":"https:\/\/www.topnatechnika.com\/index.php?rest_route=\/wp\/v2\/product"}],"about":[{"href":"https:\/\/www.topnatechnika.com\/index.php?rest_route=\/wp\/v2\/types\/product"}],"wp:featuredmedia":[{"embeddable":true,"href":"https:\/\/www.topnatechnika.com\/index.php?rest_route=\/wp\/v2\/media\/2494"}],"wp:attachment":[{"href":"https:\/\/www.topnatechnika.com\/index.php?rest_route=%2Fwp%2Fv2%2Fmedia&parent=2493"}],"wp:term":[{"taxonomy":"product_brand","embeddable":true,"href":"https:\/\/www.topnatechnika.com\/index.php?rest_route=%2Fwp%2Fv2%2Fproduct_brand&post=2493"},{"taxonomy":"product_cat","embeddable":true,"href":"https:\/\/www.topnatechnika.com\/index.php?rest_route=%2Fwp%2Fv2%2Fproduct_cat&post=2493"},{"taxonomy":"product_tag","embeddable":true,"href":"https:\/\/www.topnatechnika.com\/index.php?rest_route=%2Fwp%2Fv2%2Fproduct_tag&post=2493"}],"curies":[{"name":"wp","href":"https:\/\/api.w.org\/{rel}","templated":true}]}}