{"id":2545,"date":"2021-11-20T11:23:04","date_gmt":"2021-11-20T10:23:04","guid":{"rendered":"https:\/\/www.topnatechnika.com\/?post_type=product&#038;p=2545"},"modified":"2022-02-03T15:10:56","modified_gmt":"2022-02-03T14:10:56","slug":"benekov-teplotni-cidlo-vody-s-prevodnikem","status":"publish","type":"product","link":"https:\/\/www.topnatechnika.com\/?product=benekov-teplotni-cidlo-vody-s-prevodnikem","title":{"rendered":"Benekov teplotn\u00ed \u010didlo vody s p\u0159evodn\u00edkem"},"content":{"rendered":"<p>Teplotn\u00ed \u010didlo vody s p\u0159evodn\u00edkem.<\/p>\n<p>\u010cidlo je sou\u010d\u00e1st\u00ed p\u0159evodn\u00edku.<\/p>\n","protected":false},"excerpt":{"rendered":"<p>Teplotn\u00ed \u010didlo vody s p\u0159evodn\u00edkem.<\/p>\n<p>\u010cidlo je sou\u010d\u00e1st\u00ed p\u0159evodn\u00edku.<\/p>\n","protected":false},"featured_media":2731,"template":"","meta":[],"product_brand":[],"product_cat":[20],"product_tag":[],"class_list":{"0":"post-2545","1":"product","2":"type-product","3":"status-publish","4":"has-post-thumbnail","6":"product_cat-benekov","7":"product_shipping_class-gl","8":"thunk-woo-product-list","9":"opn-qv-enable","10":"top-store-woo-hover-","11":"top-store-single-product-tab-horizontal","12":"top-store-shadow-","13":"top-store-shadow-hover-","15":"first","16":"instock","17":"taxable","18":"shipping-taxable","19":"purchasable","20":"product-type-simple"},"_links":{"self":[{"href":"https:\/\/www.topnatechnika.com\/index.php?rest_route=\/wp\/v2\/product\/2545","targetHints":{"allow":["GET"]}}],"collection":[{"href":"https:\/\/www.topnatechnika.com\/index.php?rest_route=\/wp\/v2\/product"}],"about":[{"href":"https:\/\/www.topnatechnika.com\/index.php?rest_route=\/wp\/v2\/types\/product"}],"wp:featuredmedia":[{"embeddable":true,"href":"https:\/\/www.topnatechnika.com\/index.php?rest_route=\/wp\/v2\/media\/2731"}],"wp:attachment":[{"href":"https:\/\/www.topnatechnika.com\/index.php?rest_route=%2Fwp%2Fv2%2Fmedia&parent=2545"}],"wp:term":[{"taxonomy":"product_brand","embeddable":true,"href":"https:\/\/www.topnatechnika.com\/index.php?rest_route=%2Fwp%2Fv2%2Fproduct_brand&post=2545"},{"taxonomy":"product_cat","embeddable":true,"href":"https:\/\/www.topnatechnika.com\/index.php?rest_route=%2Fwp%2Fv2%2Fproduct_cat&post=2545"},{"taxonomy":"product_tag","embeddable":true,"href":"https:\/\/www.topnatechnika.com\/index.php?rest_route=%2Fwp%2Fv2%2Fproduct_tag&post=2545"}],"curies":[{"name":"wp","href":"https:\/\/api.w.org\/{rel}","templated":true}]}}