{"id":2704,"date":"2022-01-30T12:35:25","date_gmt":"2022-01-30T11:35:25","guid":{"rendered":"https:\/\/www.topnatechnika.com\/?post_type=product&#038;p=2704"},"modified":"2025-08-27T11:22:21","modified_gmt":"2025-08-27T09:22:21","slug":"benekov-smesovac-s-prirubou-l25-pravy","status":"publish","type":"product","link":"https:\/\/www.topnatechnika.com\/?product=benekov-smesovac-s-prirubou-l25-pravy","title":{"rendered":"Benekov sm\u011b\u0161ova\u010d s p\u0159\u00edrubou L25 prav\u00fd"},"content":{"rendered":"<p>Sm\u011b\u0161ova\u010d s p\u0159\u00edrubou L25 prav\u00fd<\/p>\n","protected":false},"excerpt":{"rendered":"<p>Sm\u011b\u0161ova\u010d s p\u0159\u00edrubou L25 prav\u00fd<\/p>\n","protected":false},"featured_media":2705,"template":"","meta":[],"product_brand":[],"product_cat":[20],"product_tag":[],"class_list":{"0":"post-2704","1":"product","2":"type-product","3":"status-publish","4":"has-post-thumbnail","6":"product_cat-benekov","7":"product_shipping_class-toptrans-cr","8":"thunk-woo-product-list","9":"opn-qv-enable","10":"top-store-woo-hover-","11":"top-store-single-product-tab-horizontal","12":"top-store-shadow-","13":"top-store-shadow-hover-","15":"first","16":"onbackorder","17":"taxable","18":"shipping-taxable","19":"purchasable","20":"product-type-simple"},"_links":{"self":[{"href":"https:\/\/www.topnatechnika.com\/index.php?rest_route=\/wp\/v2\/product\/2704","targetHints":{"allow":["GET"]}}],"collection":[{"href":"https:\/\/www.topnatechnika.com\/index.php?rest_route=\/wp\/v2\/product"}],"about":[{"href":"https:\/\/www.topnatechnika.com\/index.php?rest_route=\/wp\/v2\/types\/product"}],"wp:featuredmedia":[{"embeddable":true,"href":"https:\/\/www.topnatechnika.com\/index.php?rest_route=\/wp\/v2\/media\/2705"}],"wp:attachment":[{"href":"https:\/\/www.topnatechnika.com\/index.php?rest_route=%2Fwp%2Fv2%2Fmedia&parent=2704"}],"wp:term":[{"taxonomy":"product_brand","embeddable":true,"href":"https:\/\/www.topnatechnika.com\/index.php?rest_route=%2Fwp%2Fv2%2Fproduct_brand&post=2704"},{"taxonomy":"product_cat","embeddable":true,"href":"https:\/\/www.topnatechnika.com\/index.php?rest_route=%2Fwp%2Fv2%2Fproduct_cat&post=2704"},{"taxonomy":"product_tag","embeddable":true,"href":"https:\/\/www.topnatechnika.com\/index.php?rest_route=%2Fwp%2Fv2%2Fproduct_tag&post=2704"}],"curies":[{"name":"wp","href":"https:\/\/api.w.org\/{rel}","templated":true}]}}