{"id":2841,"date":"2022-02-28T10:01:26","date_gmt":"2022-02-28T09:01:26","guid":{"rendered":"https:\/\/www.topnatechnika.com\/?post_type=product&#038;p=2841"},"modified":"2026-02-21T08:58:48","modified_gmt":"2026-02-21T07:58:48","slug":"benekov-ecomaxx-800-r3-ovladaci-displej","status":"publish","type":"product","link":"https:\/\/www.topnatechnika.com\/?product=benekov-ecomaxx-800-r3-ovladaci-displej","title":{"rendered":"Benekov ecoMAXX 800 R3 ovl\u00e1dac\u00ed displej"},"content":{"rendered":"<p class=\"product_title entry-title\">\u00a0ecoMAXX 800 R3 ovl\u00e1dac\u00ed displej<\/p>\n<p>Ur\u010deno pro odbornou mont\u00e1\u017e.<\/p>\n<p>Ilustra\u010dn\u00ed obr\u00e1zek<\/p>\n","protected":false},"excerpt":{"rendered":"<p>ecoMAXX 800 R3 ovl\u00e1dac\u00ed displej<\/p>\n<p>Ilustra\u010dn\u00ed obr\u00e1zek<\/p>\n","protected":false},"featured_media":2727,"template":"","meta":[],"product_brand":[],"product_cat":[20],"product_tag":[68,69,70],"class_list":{"0":"post-2841","1":"product","2":"type-product","3":"status-publish","4":"has-post-thumbnail","6":"product_cat-benekov","7":"product_tag-ecomax-800","8":"product_tag-ecomax-800-r4","9":"product_tag-ecomax-r3","10":"product_shipping_class-gl","11":"thunk-woo-product-list","12":"opn-qv-enable","13":"top-store-woo-hover-","14":"top-store-single-product-tab-horizontal","15":"top-store-shadow-","16":"top-store-shadow-hover-","18":"first","19":"instock","20":"taxable","21":"shipping-taxable","22":"purchasable","23":"product-type-simple"},"_links":{"self":[{"href":"https:\/\/www.topnatechnika.com\/index.php?rest_route=\/wp\/v2\/product\/2841","targetHints":{"allow":["GET"]}}],"collection":[{"href":"https:\/\/www.topnatechnika.com\/index.php?rest_route=\/wp\/v2\/product"}],"about":[{"href":"https:\/\/www.topnatechnika.com\/index.php?rest_route=\/wp\/v2\/types\/product"}],"wp:featuredmedia":[{"embeddable":true,"href":"https:\/\/www.topnatechnika.com\/index.php?rest_route=\/wp\/v2\/media\/2727"}],"wp:attachment":[{"href":"https:\/\/www.topnatechnika.com\/index.php?rest_route=%2Fwp%2Fv2%2Fmedia&parent=2841"}],"wp:term":[{"taxonomy":"product_brand","embeddable":true,"href":"https:\/\/www.topnatechnika.com\/index.php?rest_route=%2Fwp%2Fv2%2Fproduct_brand&post=2841"},{"taxonomy":"product_cat","embeddable":true,"href":"https:\/\/www.topnatechnika.com\/index.php?rest_route=%2Fwp%2Fv2%2Fproduct_cat&post=2841"},{"taxonomy":"product_tag","embeddable":true,"href":"https:\/\/www.topnatechnika.com\/index.php?rest_route=%2Fwp%2Fv2%2Fproduct_tag&post=2841"}],"curies":[{"name":"wp","href":"https:\/\/api.w.org\/{rel}","templated":true}]}}